{"id":35,"date":"2023-06-01T12:01:40","date_gmt":"2023-06-01T17:01:40","guid":{"rendered":"https:\/\/dominiosecuador.ec\/blog\/?page_id=35"},"modified":"2023-06-06T11:04:05","modified_gmt":"2023-06-06T16:04:05","slug":"inicio","status":"publish","type":"page","link":"https:\/\/dominiosecuador.ec\/blog\/","title":{"rendered":"Inicio"},"content":{"rendered":"\t\t<div data-elementor-type=\"wp-page\" data-elementor-id=\"35\" class=\"elementor elementor-35\" data-elementor-post-type=\"page\">\n\t\t\t\t\t\t<section class=\"ob-is-breaking-bad elementor-section elementor-top-section elementor-element elementor-element-0384193 elementor-section-boxed elementor-section-height-default elementor-section-height-default tf-sticky-section tf-sticky-no\" data-id=\"0384193\" data-element_type=\"section\" data-settings=\"{&quot;background_background&quot;:&quot;classic&quot;,&quot;_ob_bbad_use_it&quot;:&quot;yes&quot;,&quot;_ob_bbad_sssic_use&quot;:&quot;no&quot;,&quot;_ob_glider_is_slider&quot;:&quot;no&quot;,&quot;tf_sticky&quot;:&quot;no&quot;,&quot;ekit_has_onepagescroll_dot&quot;:&quot;yes&quot;}\">\n\t\t\t\t\t\t<div class=\"elementor-container elementor-column-gap-default\">\n\t\t\t\t\t<div class=\"elementor-column elementor-col-100 elementor-top-column elementor-element elementor-element-b81e894\" data-id=\"b81e894\" data-element_type=\"column\" data-settings=\"{&quot;_ob_bbad_is_stalker&quot;:&quot;no&quot;,&quot;_ob_teleporter_use&quot;:false,&quot;_ob_column_hoveranimator&quot;:&quot;no&quot;,&quot;_ob_column_has_pseudo&quot;:&quot;no&quot;}\">\n\t\t\t<div class=\"elementor-widget-wrap elementor-element-populated\">\n\t\t\t\t\t\t<div class=\"elementor-element elementor-element-a882e71 elementor-widget-divider--view-line ob-has-background-overlay elementor-widget elementor-widget-divider\" data-id=\"a882e71\" data-element_type=\"widget\" data-settings=\"{&quot;_ob_perspektive_use&quot;:&quot;no&quot;,&quot;ekit_we_effect_on&quot;:&quot;none&quot;,&quot;_ob_poopart_use&quot;:&quot;yes&quot;,&quot;_ob_shadough_use&quot;:&quot;no&quot;,&quot;_ob_allow_hoveranimator&quot;:&quot;no&quot;,&quot;_ob_widget_stalker_use&quot;:&quot;no&quot;}\" data-widget_type=\"divider.default\">\n\t\t\t\t<div class=\"elementor-widget-container\">\n\t\t\t\t\t\t\t<div class=\"elementor-divider\">\n\t\t\t<span class=\"elementor-divider-separator\">\n\t\t\t\t\t\t<\/span>\n\t\t<\/div>\n\t\t\t\t\t\t<\/div>\n\t\t\t\t<\/div>\n\t\t\t\t<div class=\"elementor-element elementor-element-7a46fcb ob-harakiri-inherit ob-has-background-overlay elementor-widget elementor-widget-heading\" data-id=\"7a46fcb\" data-element_type=\"widget\" data-settings=\"{&quot;_ob_use_harakiri&quot;:&quot;yes&quot;,&quot;_ob_harakiri_writing_mode&quot;:&quot;inherit&quot;,&quot;_ob_harakiri_text_clip&quot;:&quot;none&quot;,&quot;_ob_perspektive_use&quot;:&quot;no&quot;,&quot;ekit_we_effect_on&quot;:&quot;none&quot;,&quot;_ob_poopart_use&quot;:&quot;yes&quot;,&quot;_ob_shadough_use&quot;:&quot;no&quot;,&quot;_ob_allow_hoveranimator&quot;:&quot;no&quot;,&quot;_ob_widget_stalker_use&quot;:&quot;no&quot;}\" data-widget_type=\"heading.default\">\n\t\t\t\t<div class=\"elementor-widget-container\">\n\t\t\t\t\t<h1 class=\"elementor-heading-title elementor-size-default\">BLOG<\/h1>\t\t\t\t<\/div>\n\t\t\t\t<\/div>\n\t\t\t\t<div class=\"elementor-element elementor-element-d7700b6 elementor-widget-divider--view-line ob-has-background-overlay elementor-widget elementor-widget-divider\" data-id=\"d7700b6\" data-element_type=\"widget\" data-settings=\"{&quot;_ob_perspektive_use&quot;:&quot;no&quot;,&quot;ekit_we_effect_on&quot;:&quot;none&quot;,&quot;_ob_poopart_use&quot;:&quot;yes&quot;,&quot;_ob_shadough_use&quot;:&quot;no&quot;,&quot;_ob_allow_hoveranimator&quot;:&quot;no&quot;,&quot;_ob_widget_stalker_use&quot;:&quot;no&quot;}\" data-widget_type=\"divider.default\">\n\t\t\t\t<div class=\"elementor-widget-container\">\n\t\t\t\t\t\t\t<div class=\"elementor-divider\">\n\t\t\t<span class=\"elementor-divider-separator\">\n\t\t\t\t\t\t<\/span>\n\t\t<\/div>\n\t\t\t\t\t\t<\/div>\n\t\t\t\t<\/div>\n\t\t\t\t\t<\/div>\n\t\t<\/div>\n\t\t\t\t\t<\/div>\n\t\t<\/section>\n\t\t\t\t<section class=\"ob-is-breaking-bad elementor-section elementor-top-section elementor-element elementor-element-4c565f5 elementor-section-boxed elementor-section-height-default elementor-section-height-default tf-sticky-section tf-sticky-no\" data-id=\"4c565f5\" data-element_type=\"section\" data-settings=\"{&quot;background_background&quot;:&quot;classic&quot;,&quot;_ob_bbad_use_it&quot;:&quot;yes&quot;,&quot;_ob_bbad_sssic_use&quot;:&quot;no&quot;,&quot;_ob_glider_is_slider&quot;:&quot;no&quot;,&quot;tf_sticky&quot;:&quot;no&quot;,&quot;ekit_has_onepagescroll_dot&quot;:&quot;yes&quot;}\">\n\t\t\t\t\t\t<div class=\"elementor-container elementor-column-gap-default\">\n\t\t\t\t\t<div class=\"elementor-column elementor-col-100 elementor-top-column elementor-element elementor-element-409db8e\" data-id=\"409db8e\" data-element_type=\"column\" data-settings=\"{&quot;_ob_bbad_is_stalker&quot;:&quot;no&quot;,&quot;_ob_teleporter_use&quot;:false,&quot;_ob_column_hoveranimator&quot;:&quot;no&quot;,&quot;_ob_column_has_pseudo&quot;:&quot;no&quot;}\">\n\t\t\t<div class=\"elementor-widget-wrap elementor-element-populated\">\n\t\t\t\t\t\t<div class=\"elementor-element elementor-element-9fd0917 elementor-posts--align-left elementor-grid-3 elementor-grid-tablet-2 elementor-grid-mobile-1 elementor-posts--thumbnail-top ob-has-background-overlay elementor-widget elementor-widget-posts\" data-id=\"9fd0917\" data-element_type=\"widget\" data-settings=\"{&quot;classic_row_gap&quot;:{&quot;unit&quot;:&quot;px&quot;,&quot;size&quot;:25,&quot;sizes&quot;:[]},&quot;classic_columns&quot;:&quot;3&quot;,&quot;classic_columns_tablet&quot;:&quot;2&quot;,&quot;classic_columns_mobile&quot;:&quot;1&quot;,&quot;classic_row_gap_tablet&quot;:{&quot;unit&quot;:&quot;px&quot;,&quot;size&quot;:&quot;&quot;,&quot;sizes&quot;:[]},&quot;classic_row_gap_mobile&quot;:{&quot;unit&quot;:&quot;px&quot;,&quot;size&quot;:&quot;&quot;,&quot;sizes&quot;:[]},&quot;_ob_perspektive_use&quot;:&quot;no&quot;,&quot;ekit_we_effect_on&quot;:&quot;none&quot;,&quot;_ob_poopart_use&quot;:&quot;yes&quot;,&quot;_ob_shadough_use&quot;:&quot;no&quot;,&quot;_ob_allow_hoveranimator&quot;:&quot;no&quot;,&quot;_ob_widget_stalker_use&quot;:&quot;no&quot;}\" data-widget_type=\"posts.classic\">\n\t\t\t\t<div class=\"elementor-widget-container\">\n\t\t\t\t\t\t\t<div class=\"elementor-posts-container elementor-posts elementor-posts--skin-classic elementor-grid\">\n\t\t\t\t<article class=\"elementor-post elementor-grid-item post-2765 post type-post status-publish format-standard has-post-thumbnail hentry category-sin-categoria\">\n\t\t\t\t<a class=\"elementor-post__thumbnail__link\" href=\"https:\/\/dominiosecuador.ec\/blog\/elementor-2765\/\" tabindex=\"-1\" target=&quot;_blank&quot;>\n\t\t\t<div class=\"elementor-post__thumbnail\"><img fetchpriority=\"high\" decoding=\"async\" width=\"2560\" height=\"1342\" src=\"https:\/\/dominiosecuador.ec\/blog\/wp-content\/uploads\/2026\/02\/PORTADA-1-scaled.png\" class=\"attachment-full size-full wp-image-2776\" alt=\"\" srcset=\"https:\/\/dominiosecuador.ec\/blog\/wp-content\/uploads\/2026\/02\/PORTADA-1-scaled.png 2560w, https:\/\/dominiosecuador.ec\/blog\/wp-content\/uploads\/2026\/02\/PORTADA-1-300x157.png 300w, https:\/\/dominiosecuador.ec\/blog\/wp-content\/uploads\/2026\/02\/PORTADA-1-1024x537.png 1024w, https:\/\/dominiosecuador.ec\/blog\/wp-content\/uploads\/2026\/02\/PORTADA-1-768x403.png 768w, https:\/\/dominiosecuador.ec\/blog\/wp-content\/uploads\/2026\/02\/PORTADA-1-1536x805.png 1536w, https:\/\/dominiosecuador.ec\/blog\/wp-content\/uploads\/2026\/02\/PORTADA-1-2048x1073.png 2048w\" sizes=\"(max-width: 2560px) 100vw, 2560px\" \/><\/div>\n\t\t<\/a>\n\t\t\t\t<div class=\"elementor-post__text\">\n\t\t\t\t<h3 class=\"elementor-post__title\">\n\t\t\t<a href=\"https:\/\/dominiosecuador.ec\/blog\/elementor-2765\/\" target=&quot;_blank&quot;>\n\t\t\t\tCORREO CORPORATIVO\t\t\t<\/a>\n\t\t<\/h3>\n\t\t\t\t<div class=\"elementor-post__meta-data\">\n\t\t\t\t\t<span class=\"elementor-post-date\">\n\t\t\t9 de febrero de 2026\t\t<\/span>\n\t\t\t\t<\/div>\n\t\t\t\t<div class=\"elementor-post__excerpt\">\n\t\t\t<p>\u00bfQu\u00e9 es realmente un correo corporativo y por qu\u00e9 es tan importante? En el mundo digital, la forma en la que te comunicas dice mucho<\/p>\n\t\t<\/div>\n\t\t\t\t\t<div class=\"elementor-post__read-more-wrapper\">\n\t\t\n\t\t<a class=\"elementor-post__read-more\" href=\"https:\/\/dominiosecuador.ec\/blog\/elementor-2765\/\" aria-label=\"Read more about CORREO CORPORATIVO\" tabindex=\"-1\" target=\"_blank\">\n\t\t\tLeer M\u00e1s\u00bb\t\t<\/a>\n\n\t\t\t\t\t<\/div>\n\t\t\t\t<\/div>\n\t\t\t\t<\/article>\n\t\t\t\t<article class=\"elementor-post elementor-grid-item post-2716 post type-post status-publish format-standard has-post-thumbnail hentry category-servicios-tecnologicos\">\n\t\t\t\t<a class=\"elementor-post__thumbnail__link\" href=\"https:\/\/dominiosecuador.ec\/blog\/identidad-digital\/\" tabindex=\"-1\" target=&quot;_blank&quot;>\n\t\t\t<div class=\"elementor-post__thumbnail\"><img decoding=\"async\" width=\"1080\" height=\"566\" src=\"https:\/\/dominiosecuador.ec\/blog\/wp-content\/uploads\/2025\/11\/Copia-de-IMAGENES-BLOG-BACKUP-2.png\" class=\"attachment-full size-full wp-image-2718\" alt=\"\" srcset=\"https:\/\/dominiosecuador.ec\/blog\/wp-content\/uploads\/2025\/11\/Copia-de-IMAGENES-BLOG-BACKUP-2.png 1080w, https:\/\/dominiosecuador.ec\/blog\/wp-content\/uploads\/2025\/11\/Copia-de-IMAGENES-BLOG-BACKUP-2-300x157.png 300w, https:\/\/dominiosecuador.ec\/blog\/wp-content\/uploads\/2025\/11\/Copia-de-IMAGENES-BLOG-BACKUP-2-1024x537.png 1024w, https:\/\/dominiosecuador.ec\/blog\/wp-content\/uploads\/2025\/11\/Copia-de-IMAGENES-BLOG-BACKUP-2-768x402.png 768w\" sizes=\"(max-width: 1080px) 100vw, 1080px\" \/><\/div>\n\t\t<\/a>\n\t\t\t\t<div class=\"elementor-post__text\">\n\t\t\t\t<h3 class=\"elementor-post__title\">\n\t\t\t<a href=\"https:\/\/dominiosecuador.ec\/blog\/identidad-digital\/\" target=&quot;_blank&quot;>\n\t\t\t\tIDENTIDAD DIGITAL\t\t\t<\/a>\n\t\t<\/h3>\n\t\t\t\t<div class=\"elementor-post__meta-data\">\n\t\t\t\t\t<span class=\"elementor-post-date\">\n\t\t\t17 de noviembre de 2025\t\t<\/span>\n\t\t\t\t<\/div>\n\t\t\t\t<div class=\"elementor-post__excerpt\">\n\t\t\t<p>IDENTIDAD DIGITAL \u00bfC\u00f3mo construir una marca s\u00f3lida en Internet desde cero? Hoy en d\u00eda, tener presencia digital ya no es una opci\u00f3n, es una necesidad.<\/p>\n\t\t<\/div>\n\t\t\t\t\t<div class=\"elementor-post__read-more-wrapper\">\n\t\t\n\t\t<a class=\"elementor-post__read-more\" href=\"https:\/\/dominiosecuador.ec\/blog\/identidad-digital\/\" aria-label=\"Read more about IDENTIDAD DIGITAL\" tabindex=\"-1\" target=\"_blank\">\n\t\t\tLeer M\u00e1s\u00bb\t\t<\/a>\n\n\t\t\t\t\t<\/div>\n\t\t\t\t<\/div>\n\t\t\t\t<\/article>\n\t\t\t\t<article class=\"elementor-post elementor-grid-item post-2679 post type-post status-publish format-standard has-post-thumbnail hentry category-servicios-tecnologicos\">\n\t\t\t\t<a class=\"elementor-post__thumbnail__link\" href=\"https:\/\/dominiosecuador.ec\/blog\/backup\/\" tabindex=\"-1\" target=&quot;_blank&quot;>\n\t\t\t<div class=\"elementor-post__thumbnail\"><img decoding=\"async\" width=\"1080\" height=\"566\" src=\"https:\/\/dominiosecuador.ec\/blog\/wp-content\/uploads\/2025\/10\/BACKUP-BLOG-1.jpg\" class=\"attachment-full size-full wp-image-2694\" alt=\"\" srcset=\"https:\/\/dominiosecuador.ec\/blog\/wp-content\/uploads\/2025\/10\/BACKUP-BLOG-1.jpg 1080w, https:\/\/dominiosecuador.ec\/blog\/wp-content\/uploads\/2025\/10\/BACKUP-BLOG-1-300x157.jpg 300w, https:\/\/dominiosecuador.ec\/blog\/wp-content\/uploads\/2025\/10\/BACKUP-BLOG-1-1024x537.jpg 1024w, https:\/\/dominiosecuador.ec\/blog\/wp-content\/uploads\/2025\/10\/BACKUP-BLOG-1-768x402.jpg 768w\" sizes=\"(max-width: 1080px) 100vw, 1080px\" \/><\/div>\n\t\t<\/a>\n\t\t\t\t<div class=\"elementor-post__text\">\n\t\t\t\t<h3 class=\"elementor-post__title\">\n\t\t\t<a href=\"https:\/\/dominiosecuador.ec\/blog\/backup\/\" target=&quot;_blank&quot;>\n\t\t\t\tBACKUP \u00bfPor qu\u00e9 es vital tener copias frecuentes de seguridad?\t\t\t<\/a>\n\t\t<\/h3>\n\t\t\t\t<div class=\"elementor-post__meta-data\">\n\t\t\t\t\t<span class=\"elementor-post-date\">\n\t\t\t29 de octubre de 2025\t\t<\/span>\n\t\t\t\t<\/div>\n\t\t\t\t<div class=\"elementor-post__excerpt\">\n\t\t\t<p>Backup En el entorno digital actual, la informaci\u00f3n es uno de los activos m\u00e1s valiosos de cualquier negocio. Desde bases de datos de clientes hasta<\/p>\n\t\t<\/div>\n\t\t\t\t\t<div class=\"elementor-post__read-more-wrapper\">\n\t\t\n\t\t<a class=\"elementor-post__read-more\" href=\"https:\/\/dominiosecuador.ec\/blog\/backup\/\" aria-label=\"Read more about BACKUP \u00bfPor qu\u00e9 es vital tener copias frecuentes de seguridad?\" tabindex=\"-1\" target=\"_blank\">\n\t\t\tLeer M\u00e1s\u00bb\t\t<\/a>\n\n\t\t\t\t\t<\/div>\n\t\t\t\t<\/div>\n\t\t\t\t<\/article>\n\t\t\t\t<article class=\"elementor-post elementor-grid-item post-2624 post type-post status-publish format-standard has-post-thumbnail hentry category-servicios-tecnologicos\">\n\t\t\t\t<a class=\"elementor-post__thumbnail__link\" href=\"https:\/\/dominiosecuador.ec\/blog\/phishing\/\" tabindex=\"-1\" target=&quot;_blank&quot;>\n\t\t\t<div class=\"elementor-post__thumbnail\"><img loading=\"lazy\" decoding=\"async\" width=\"1080\" height=\"566\" src=\"https:\/\/dominiosecuador.ec\/blog\/wp-content\/uploads\/2025\/09\/\u00bfQUE-ES-PHISHING-BLOG-1.png\" class=\"attachment-full size-full wp-image-2626\" alt=\"\" srcset=\"https:\/\/dominiosecuador.ec\/blog\/wp-content\/uploads\/2025\/09\/\u00bfQUE-ES-PHISHING-BLOG-1.png 1080w, https:\/\/dominiosecuador.ec\/blog\/wp-content\/uploads\/2025\/09\/\u00bfQUE-ES-PHISHING-BLOG-1-300x157.png 300w, https:\/\/dominiosecuador.ec\/blog\/wp-content\/uploads\/2025\/09\/\u00bfQUE-ES-PHISHING-BLOG-1-1024x537.png 1024w, https:\/\/dominiosecuador.ec\/blog\/wp-content\/uploads\/2025\/09\/\u00bfQUE-ES-PHISHING-BLOG-1-768x402.png 768w\" sizes=\"(max-width: 1080px) 100vw, 1080px\" \/><\/div>\n\t\t<\/a>\n\t\t\t\t<div class=\"elementor-post__text\">\n\t\t\t\t<h3 class=\"elementor-post__title\">\n\t\t\t<a href=\"https:\/\/dominiosecuador.ec\/blog\/phishing\/\" target=&quot;_blank&quot;>\n\t\t\t\tPhishing: \u00bfC\u00f3mo proteger tu sitio web y a tus clientes?\t\t\t<\/a>\n\t\t<\/h3>\n\t\t\t\t<div class=\"elementor-post__meta-data\">\n\t\t\t\t\t<span class=\"elementor-post-date\">\n\t\t\t22 de septiembre de 2025\t\t<\/span>\n\t\t\t\t<\/div>\n\t\t\t\t<div class=\"elementor-post__excerpt\">\n\t\t\t<p>\u00bfQu\u00e9 es Phishing? El phishing es una t\u00e9cnica de ciberdelincuencia que busca enga\u00f1ar a los usuarios para que compartan informaci\u00f3n sensible, como contrase\u00f1as, datos bancarios<\/p>\n\t\t<\/div>\n\t\t\t\t\t<div class=\"elementor-post__read-more-wrapper\">\n\t\t\n\t\t<a class=\"elementor-post__read-more\" href=\"https:\/\/dominiosecuador.ec\/blog\/phishing\/\" aria-label=\"Read more about Phishing: \u00bfC\u00f3mo proteger tu sitio web y a tus clientes?\" tabindex=\"-1\" target=\"_blank\">\n\t\t\tLeer M\u00e1s\u00bb\t\t<\/a>\n\n\t\t\t\t\t<\/div>\n\t\t\t\t<\/div>\n\t\t\t\t<\/article>\n\t\t\t\t<article class=\"elementor-post elementor-grid-item post-2028 post type-post status-publish format-standard has-post-thumbnail hentry category-ssl\">\n\t\t\t\t<a class=\"elementor-post__thumbnail__link\" href=\"https:\/\/dominiosecuador.ec\/blog\/que-es-y-por-que-es-importante-para-tu-sitio-web\/\" tabindex=\"-1\" target=&quot;_blank&quot;>\n\t\t\t<div class=\"elementor-post__thumbnail\"><img loading=\"lazy\" decoding=\"async\" width=\"1440\" height=\"900\" src=\"https:\/\/dominiosecuador.ec\/blog\/wp-content\/uploads\/2025\/05\/certificado-ssl-que-es.jpg\" class=\"attachment-full size-full wp-image-2052\" alt=\"\" srcset=\"https:\/\/dominiosecuador.ec\/blog\/wp-content\/uploads\/2025\/05\/certificado-ssl-que-es.jpg 1440w, https:\/\/dominiosecuador.ec\/blog\/wp-content\/uploads\/2025\/05\/certificado-ssl-que-es-300x188.jpg 300w, https:\/\/dominiosecuador.ec\/blog\/wp-content\/uploads\/2025\/05\/certificado-ssl-que-es-1024x640.jpg 1024w, https:\/\/dominiosecuador.ec\/blog\/wp-content\/uploads\/2025\/05\/certificado-ssl-que-es-768x480.jpg 768w\" sizes=\"(max-width: 1440px) 100vw, 1440px\" \/><\/div>\n\t\t<\/a>\n\t\t\t\t<div class=\"elementor-post__text\">\n\t\t\t\t<h3 class=\"elementor-post__title\">\n\t\t\t<a href=\"https:\/\/dominiosecuador.ec\/blog\/que-es-y-por-que-es-importante-para-tu-sitio-web\/\" target=&quot;_blank&quot;>\n\t\t\t\tCertificado SSL: \u00bfQu\u00e9 es y por qu\u00e9 es importante para tu sitio web?\t\t\t<\/a>\n\t\t<\/h3>\n\t\t\t\t<div class=\"elementor-post__meta-data\">\n\t\t\t\t\t<span class=\"elementor-post-date\">\n\t\t\t14 de mayo de 2025\t\t<\/span>\n\t\t\t\t<\/div>\n\t\t\t\t<div class=\"elementor-post__excerpt\">\n\t\t\t<p>Un certificado SSL es un protocolo de seguridad que cifra la informaci\u00f3n transmitida entre el navegador del usuario y el servidor web. Este cifrado garantiza<\/p>\n\t\t<\/div>\n\t\t\t\t\t<div class=\"elementor-post__read-more-wrapper\">\n\t\t\n\t\t<a class=\"elementor-post__read-more\" href=\"https:\/\/dominiosecuador.ec\/blog\/que-es-y-por-que-es-importante-para-tu-sitio-web\/\" aria-label=\"Read more about Certificado SSL: \u00bfQu\u00e9 es y por qu\u00e9 es importante para tu sitio web?\" tabindex=\"-1\" target=\"_blank\">\n\t\t\tLeer M\u00e1s\u00bb\t\t<\/a>\n\n\t\t\t\t\t<\/div>\n\t\t\t\t<\/div>\n\t\t\t\t<\/article>\n\t\t\t\t<article class=\"elementor-post elementor-grid-item post-437 post type-post status-publish format-standard has-post-thumbnail hentry category-sin-categoria\">\n\t\t\t\t<a class=\"elementor-post__thumbnail__link\" href=\"https:\/\/dominiosecuador.ec\/blog\/correo-corporativo-que-es-y-como-obtenerlo\/\" tabindex=\"-1\" target=&quot;_blank&quot;>\n\t\t\t<div class=\"elementor-post__thumbnail\"><img loading=\"lazy\" decoding=\"async\" width=\"1200\" height=\"640\" src=\"https:\/\/dominiosecuador.ec\/blog\/wp-content\/uploads\/2023\/06\/DE_BLOG_CORREO_CORPORATIVO_PORTADA-1-1.png\" class=\"attachment-full size-full wp-image-1633\" alt=\"\" srcset=\"https:\/\/dominiosecuador.ec\/blog\/wp-content\/uploads\/2023\/06\/DE_BLOG_CORREO_CORPORATIVO_PORTADA-1-1.png 1200w, https:\/\/dominiosecuador.ec\/blog\/wp-content\/uploads\/2023\/06\/DE_BLOG_CORREO_CORPORATIVO_PORTADA-1-1-300x160.png 300w, https:\/\/dominiosecuador.ec\/blog\/wp-content\/uploads\/2023\/06\/DE_BLOG_CORREO_CORPORATIVO_PORTADA-1-1-1024x546.png 1024w, https:\/\/dominiosecuador.ec\/blog\/wp-content\/uploads\/2023\/06\/DE_BLOG_CORREO_CORPORATIVO_PORTADA-1-1-768x410.png 768w\" sizes=\"(max-width: 1200px) 100vw, 1200px\" \/><\/div>\n\t\t<\/a>\n\t\t\t\t<div class=\"elementor-post__text\">\n\t\t\t\t<h3 class=\"elementor-post__title\">\n\t\t\t<a href=\"https:\/\/dominiosecuador.ec\/blog\/correo-corporativo-que-es-y-como-obtenerlo\/\" target=&quot;_blank&quot;>\n\t\t\t\tCorreo Corporativo: \u00bfQu\u00e9 es y c\u00f3mo obtenerlo?\t\t\t<\/a>\n\t\t<\/h3>\n\t\t\t\t<div class=\"elementor-post__meta-data\">\n\t\t\t\t\t<span class=\"elementor-post-date\">\n\t\t\t14 de junio de 2023\t\t<\/span>\n\t\t\t\t<\/div>\n\t\t\t\t<div class=\"elementor-post__excerpt\">\n\t\t\t<p>Un correo corporativo es una direcci\u00f3n de correo electr\u00f3nico utilizado para fines comerciales o profesionales. A diferencia de las cuentas de correo electr\u00f3nico tradicionales como<\/p>\n\t\t<\/div>\n\t\t\t\t\t<div class=\"elementor-post__read-more-wrapper\">\n\t\t\n\t\t<a class=\"elementor-post__read-more\" href=\"https:\/\/dominiosecuador.ec\/blog\/correo-corporativo-que-es-y-como-obtenerlo\/\" aria-label=\"Read more about Correo Corporativo: \u00bfQu\u00e9 es y c\u00f3mo obtenerlo?\" tabindex=\"-1\" target=\"_blank\">\n\t\t\tLeer M\u00e1s\u00bb\t\t<\/a>\n\n\t\t\t\t\t<\/div>\n\t\t\t\t<\/div>\n\t\t\t\t<\/article>\n\t\t\t\t<\/div>\n\t\t\n\t\t\t\t\t\t<\/div>\n\t\t\t\t<\/div>\n\t\t\t\t\t<\/div>\n\t\t<\/div>\n\t\t\t\t\t<\/div>\n\t\t<\/section>\n\t\t\t\t<\/div>\n\t\t","protected":false},"excerpt":{"rendered":"<p>BLOG<\/p>\n","protected":false},"author":1,"featured_media":0,"parent":0,"menu_order":0,"comment_status":"closed","ping_status":"closed","template":"elementor_canvas","meta":{"footnotes":""},"class_list":["post-35","page","type-page","status-publish","hentry"],"yoast_head":"<!-- This site is optimized with the Yoast SEO plugin v25.9 - https:\/\/yoast.com\/wordpress\/plugins\/seo\/ -->\n<title>Inicio - .EC DOMINIOS ECUADOR - Blog<\/title>\n<meta name=\"robots\" content=\"index, follow, max-snippet:-1, max-image-preview:large, max-video-preview:-1\" \/>\n<link rel=\"canonical\" href=\"https:\/\/dominiosecuador.ec\/blog\/\" \/>\n<meta property=\"og:locale\" content=\"es_ES\" \/>\n<meta property=\"og:type\" content=\"article\" \/>\n<meta property=\"og:title\" content=\"Inicio - .EC DOMINIOS ECUADOR - Blog\" \/>\n<meta property=\"og:description\" content=\"BLOG\" \/>\n<meta property=\"og:url\" content=\"https:\/\/dominiosecuador.ec\/blog\/\" \/>\n<meta property=\"og:site_name\" content=\".EC DOMINIOS ECUADOR - Blog\" \/>\n<meta property=\"article:modified_time\" content=\"2023-06-06T16:04:05+00:00\" \/>\n<meta name=\"twitter:card\" content=\"summary_large_image\" \/>\n<script type=\"application\/ld+json\" class=\"yoast-schema-graph\">{\"@context\":\"https:\/\/schema.org\",\"@graph\":[{\"@type\":\"WebPage\",\"@id\":\"https:\/\/dominiosecuador.ec\/blog\/\",\"url\":\"https:\/\/dominiosecuador.ec\/blog\/\",\"name\":\"Inicio - .EC DOMINIOS ECUADOR - Blog\",\"isPartOf\":{\"@id\":\"https:\/\/dominiosecuador.ec\/blog\/#website\"},\"datePublished\":\"2023-06-01T17:01:40+00:00\",\"dateModified\":\"2023-06-06T16:04:05+00:00\",\"breadcrumb\":{\"@id\":\"https:\/\/dominiosecuador.ec\/blog\/#breadcrumb\"},\"inLanguage\":\"es\",\"potentialAction\":[{\"@type\":\"ReadAction\",\"target\":[\"https:\/\/dominiosecuador.ec\/blog\/\"]}]},{\"@type\":\"BreadcrumbList\",\"@id\":\"https:\/\/dominiosecuador.ec\/blog\/#breadcrumb\",\"itemListElement\":[{\"@type\":\"ListItem\",\"position\":1,\"name\":\"Portada\",\"item\":\"https:\/\/dominiosecuador.ec\/blog\/\"},{\"@type\":\"ListItem\",\"position\":2,\"name\":\"Inicio\"}]},{\"@type\":\"WebSite\",\"@id\":\"https:\/\/dominiosecuador.ec\/blog\/#website\",\"url\":\"https:\/\/dominiosecuador.ec\/blog\/\",\"name\":\".EC DOMINIOS ECUADOR - Blog\",\"description\":\"\",\"publisher\":{\"@id\":\"https:\/\/dominiosecuador.ec\/blog\/#organization\"},\"potentialAction\":[{\"@type\":\"SearchAction\",\"target\":{\"@type\":\"EntryPoint\",\"urlTemplate\":\"https:\/\/dominiosecuador.ec\/blog\/?s={search_term_string}\"},\"query-input\":{\"@type\":\"PropertyValueSpecification\",\"valueRequired\":true,\"valueName\":\"search_term_string\"}}],\"inLanguage\":\"es\"},{\"@type\":\"Organization\",\"@id\":\"https:\/\/dominiosecuador.ec\/blog\/#organization\",\"name\":\".EC DOMINIOS ECUADOR - Blog\",\"url\":\"https:\/\/dominiosecuador.ec\/blog\/\",\"logo\":{\"@type\":\"ImageObject\",\"inLanguage\":\"es\",\"@id\":\"https:\/\/dominiosecuador.ec\/blog\/#\/schema\/logo\/image\/\",\"url\":\"https:\/\/dominiosecuador.ec\/blog\/wp-content\/uploads\/2025\/10\/DISENO-PAGINA-WEB-1-1-1.png\",\"contentUrl\":\"https:\/\/dominiosecuador.ec\/blog\/wp-content\/uploads\/2025\/10\/DISENO-PAGINA-WEB-1-1-1.png\",\"width\":300,\"height\":300,\"caption\":\".EC DOMINIOS ECUADOR - Blog\"},\"image\":{\"@id\":\"https:\/\/dominiosecuador.ec\/blog\/#\/schema\/logo\/image\/\"}}]}<\/script>\n<!-- \/ Yoast SEO plugin. -->","yoast_head_json":{"title":"Inicio - .EC DOMINIOS ECUADOR - Blog","robots":{"index":"index","follow":"follow","max-snippet":"max-snippet:-1","max-image-preview":"max-image-preview:large","max-video-preview":"max-video-preview:-1"},"canonical":"https:\/\/dominiosecuador.ec\/blog\/","og_locale":"es_ES","og_type":"article","og_title":"Inicio - .EC DOMINIOS ECUADOR - Blog","og_description":"BLOG","og_url":"https:\/\/dominiosecuador.ec\/blog\/","og_site_name":".EC DOMINIOS ECUADOR - Blog","article_modified_time":"2023-06-06T16:04:05+00:00","twitter_card":"summary_large_image","schema":{"@context":"https:\/\/schema.org","@graph":[{"@type":"WebPage","@id":"https:\/\/dominiosecuador.ec\/blog\/","url":"https:\/\/dominiosecuador.ec\/blog\/","name":"Inicio - .EC DOMINIOS ECUADOR - Blog","isPartOf":{"@id":"https:\/\/dominiosecuador.ec\/blog\/#website"},"datePublished":"2023-06-01T17:01:40+00:00","dateModified":"2023-06-06T16:04:05+00:00","breadcrumb":{"@id":"https:\/\/dominiosecuador.ec\/blog\/#breadcrumb"},"inLanguage":"es","potentialAction":[{"@type":"ReadAction","target":["https:\/\/dominiosecuador.ec\/blog\/"]}]},{"@type":"BreadcrumbList","@id":"https:\/\/dominiosecuador.ec\/blog\/#breadcrumb","itemListElement":[{"@type":"ListItem","position":1,"name":"Portada","item":"https:\/\/dominiosecuador.ec\/blog\/"},{"@type":"ListItem","position":2,"name":"Inicio"}]},{"@type":"WebSite","@id":"https:\/\/dominiosecuador.ec\/blog\/#website","url":"https:\/\/dominiosecuador.ec\/blog\/","name":".EC DOMINIOS ECUADOR - Blog","description":"","publisher":{"@id":"https:\/\/dominiosecuador.ec\/blog\/#organization"},"potentialAction":[{"@type":"SearchAction","target":{"@type":"EntryPoint","urlTemplate":"https:\/\/dominiosecuador.ec\/blog\/?s={search_term_string}"},"query-input":{"@type":"PropertyValueSpecification","valueRequired":true,"valueName":"search_term_string"}}],"inLanguage":"es"},{"@type":"Organization","@id":"https:\/\/dominiosecuador.ec\/blog\/#organization","name":".EC DOMINIOS ECUADOR - Blog","url":"https:\/\/dominiosecuador.ec\/blog\/","logo":{"@type":"ImageObject","inLanguage":"es","@id":"https:\/\/dominiosecuador.ec\/blog\/#\/schema\/logo\/image\/","url":"https:\/\/dominiosecuador.ec\/blog\/wp-content\/uploads\/2025\/10\/DISENO-PAGINA-WEB-1-1-1.png","contentUrl":"https:\/\/dominiosecuador.ec\/blog\/wp-content\/uploads\/2025\/10\/DISENO-PAGINA-WEB-1-1-1.png","width":300,"height":300,"caption":".EC DOMINIOS ECUADOR - Blog"},"image":{"@id":"https:\/\/dominiosecuador.ec\/blog\/#\/schema\/logo\/image\/"}}]}},"_links":{"self":[{"href":"https:\/\/dominiosecuador.ec\/blog\/wp-json\/wp\/v2\/pages\/35","targetHints":{"allow":["GET"]}}],"collection":[{"href":"https:\/\/dominiosecuador.ec\/blog\/wp-json\/wp\/v2\/pages"}],"about":[{"href":"https:\/\/dominiosecuador.ec\/blog\/wp-json\/wp\/v2\/types\/page"}],"author":[{"embeddable":true,"href":"https:\/\/dominiosecuador.ec\/blog\/wp-json\/wp\/v2\/users\/1"}],"replies":[{"embeddable":true,"href":"https:\/\/dominiosecuador.ec\/blog\/wp-json\/wp\/v2\/comments?post=35"}],"version-history":[{"count":85,"href":"https:\/\/dominiosecuador.ec\/blog\/wp-json\/wp\/v2\/pages\/35\/revisions"}],"predecessor-version":[{"id":291,"href":"https:\/\/dominiosecuador.ec\/blog\/wp-json\/wp\/v2\/pages\/35\/revisions\/291"}],"wp:attachment":[{"href":"https:\/\/dominiosecuador.ec\/blog\/wp-json\/wp\/v2\/media?parent=35"}],"curies":[{"name":"wp","href":"https:\/\/api.w.org\/{rel}","templated":true}]}}